{"id":2,"date":"2023-01-11T11:30:50","date_gmt":"2023-01-11T10:30:50","guid":{"rendered":"https:\/\/psycholog-ino.pl\/strona\/?page_id=2"},"modified":"2023-11-21T08:20:51","modified_gmt":"2023-11-21T07:20:51","slug":"przykladowa-strona","status":"publish","type":"page","link":"https:\/\/psycholog-ino.pl\/","title":{"rendered":"Strona G\u0142\u00f3wna"},"content":{"rendered":"\n<p class=\"has-medium-font-size\">Zajmuj\u0119 si\u0119<\/p>\n\n\n\n<ul>\n<li class=\"has-medium-font-size\">diagnoz\u0105 psychologiczn\u0105,<\/li>\n<\/ul>\n\n\n\n<ul>\n<li class=\"has-medium-font-size\">konsultacjami, poradami, wsparciem psychologicznym w sytuacjach trudnych, kryzysowych, a tak\u017ce w przewlek\u0142ym stresie,<\/li>\n<\/ul>\n\n\n\n<ul>\n<li class=\"has-medium-font-size\">indywidualn\u0105 terapi\u0105 poznawczo \u2013 behawioraln\u0105 dla m\u0142odzie\u017cy i os\u00f3b doros\u0142ych.<\/li>\n<\/ul>\n\n\n\n<p class=\"has-medium-font-size\">Zapraszam do kontaktu<\/p>\n","protected":false},"excerpt":{"rendered":"<p>Zajmuj\u0119 si\u0119 Zapraszam do kontaktu<\/p>\n","protected":false},"author":1,"featured_media":0,"parent":0,"menu_order":0,"comment_status":"closed","ping_status":"open","template":"","meta":{"footnotes":""},"_links":{"self":[{"href":"https:\/\/psycholog-ino.pl\/index.php?rest_route=\/wp\/v2\/pages\/2"}],"collection":[{"href":"https:\/\/psycholog-ino.pl\/index.php?rest_route=\/wp\/v2\/pages"}],"about":[{"href":"https:\/\/psycholog-ino.pl\/index.php?rest_route=\/wp\/v2\/types\/page"}],"author":[{"embeddable":true,"href":"https:\/\/psycholog-ino.pl\/index.php?rest_route=\/wp\/v2\/users\/1"}],"replies":[{"embeddable":true,"href":"https:\/\/psycholog-ino.pl\/index.php?rest_route=%2Fwp%2Fv2%2Fcomments&post=2"}],"version-history":[{"count":14,"href":"https:\/\/psycholog-ino.pl\/index.php?rest_route=\/wp\/v2\/pages\/2\/revisions"}],"predecessor-version":[{"id":176,"href":"https:\/\/psycholog-ino.pl\/index.php?rest_route=\/wp\/v2\/pages\/2\/revisions\/176"}],"wp:attachment":[{"href":"https:\/\/psycholog-ino.pl\/index.php?rest_route=%2Fwp%2Fv2%2Fmedia&parent=2"}],"curies":[{"name":"wp","href":"https:\/\/api.w.org\/{rel}","templated":true}]}}